p + 28. Calculate t(-7).
-49
Let n(h) = -h**3 - 17*h**2 - 8*h + 635. What is n(-10)?
15
Let l(x) = x**3 - 16*x**2 + 12*x + 65. What is l(16)?
257
Let u(l) = 13*l**2 - 199*l + 57. Give u(15).
-3
Let h(y) = -902*y - 3608. What is h(-4)?
0
Let q(l) = 22*l**3 - 176*l**2 + l - 24. Give q(8).
-16
Let h(a) = 30*a**3 + 97*a**2 - 104*a + 7. Give h(1).
30
Let q(l) = l**3 - 108*l**2 + 204*l + 851. Determine q(106).
3
Let b(l) = -l**3 - 5*l**2 - 13*l - 41. Calculate b(-6).
73
Let o(b) = 3*b**2 - 48*b + 183. Determine o(9).
-6
Let x(p) = 2441*p + 48794. Give x(-20).
-26
Let q(c) = -48*c - 565. Calculate q(-14).
107
Let v(o) = 4*o**3 - 61*o**2 + 21*o - 103. Determine v(15).
-13
Let i(r) = r**3 + 23*r**2 - 101*r - 154. Give i(-27).
-343
Let i(l) = -8*l**2 - 109*l - 28. Determine i(-13).
37
Let a(n) = -12*n + 135. Determine a(12).
-9
Let i(l) = -7*l - 237. What is i(-24)?
-69
Let f(u) = -5*u**2 - 97*u + 2247. Give f(-33).
3
Let f(u) = -192*u + 12277. Calculate f(64).
-11
Let h(u) = -2*u**3 - 17*u**2 + 30*u + 190. Calculate h(-9).
1
Let g(i) = i**3 - 28*i**2 + 41*i - 81. Calculate g(27).
297
Let o(d) = -d**2 - 50*d + 130. Give o(0).
130
Let w(f) = f**3 - 25*f**2 - 45*f - 70. What is w(27)?
173
Let a(u) = 747*u**2 - 4490*u - 1. Give a(6).
-49
Let m(o) = -47*o - 3054. Give m(-65).
1
Let x(p) = -p**3 + 29*p**2 + 33*p - 95. What is x(30)?
-5
Let n(k) = 27*k - 520. Calculate n(19).
-7
Let z(w) = -2*w**3 + 12*w**2 - 32*w + 25. What is z(5)?
-85
Let h(g) = -g**3 - 5*g**2 + 2*g - 6. Calculate h(-3).
-30
Let f(p) = -p**2 + 40*p + 1448. What is f(63)?
-1
Let v(h) = -3*h**3 + 10*h**2 - 8*h - 8. What is v(3)?
-23
Let r(h) = -2*h**2 + 90*h - 109. Calculate r(44).
-21
Let x(k) = 58*k + 16. What is x(-5)?
-274
Let g(f) = -14*f**3 + 87*f**2 - 10*f - 38. Calculate g(6).
10
Let l(y) = -y**3 - 15*y**2 - 33*y - 7. Calculate l(-9).
-196
Let p(y) = -18*y - 469. Give p(-39).
233
Let x(r) = r**3 - 24*r**2 - 72*r - 242. What is x(27)?
1
Let j(m) = m**3 - 8*m**2 - 11*m - 31. Calculate j(8).
-119
Let l(q) = -2*q**3 + 63*q**2 + 29*q + 100. Determine l(32).
4
Let m(v) = v**2 + 105*v - 567. Give m(5).
-17
Let d(p) = -2*p**3 - 39*p**2 - 108*p - 18. Determine d(-16).
-82
Let g(c) = -156*c + 2032. What is g(13)?
4
Let h(p) = -11*p - 364. What is h(-21)?
-133
Let u(s) = -9*s**3 + 2*s**2 + 105*s - 207. What is u(2)?
-61
Let c(n) = -21067*n - 126405. What is c(-6)?
-3
Let i(x) = 18*x - 2131. Calculate i(118).
-7
Let y(q) = q**3 + 9*q**2 - 5*q + 30. Give y(-10).
-20
Let m(f) = f**2 + 531*f + 130. Calculate m(0).
130
Let r(f) = -f**3 - 24*f**2 - 82*f - 47. Calculate r(-20).
-7
Let b(k) = -1582*k - 26880. What is b(-17)?
14
Let h(c) = 2*c**3 + 55*c**2 + 34*c + 159. What is h(-27)?
-30
Let a(w) = -14346*w + 172150. Determine a(12).
-2
Let v(d) = 2*d**2 + 23*d - 19. Give v(-12).
-7
Let q(g) = -g**3 + 10*g**2 + 36*g + 36. Give q(13).
-3
Let q(i) = i**3 + 30*i**2 + 31*i + 79. Calculate q(-29).
21
Let s(x) = 4*x**2 - 8*x - 2127. Give s(-22).
-15
Let l(s) = -76*s - 42. Determine l(-2).
110
Let i(j) = -60*j - 14. What is i(-2)?
106
Let t(c) = -c + 42. What is t(53)?
-11
Let p(k) = 21*k**3 - k**2 + 379*k - 377. Determine p(1).
22
Let g(x) = 5*x**3 + 24*x**2 - 147*x - 714. Calculate g(-5).
-4
Let q(r) = -r**3 + 75*r**2 - 1197*r + 47. What is q(52)?
-5
Let b(m) = -m**3 + 11*m**2 - 3*m - 18. Calculate b(11).
-51
Let z(v) = 2*v**3 + 10*v**2 + 14*v - 20. Calculate z(-3).
-26
Let p(b) = b**3 - 86*b**2 + 161*b + 667. Determine p(84).
79
Let h(m) = 3*m**3 - 62*m**2 + 301*m + 32. Calculate h(8).
8
Let i(s) = s**3 - 15*s**2 + 16*s + 48. Give i(14).
76
Let k(y) = y**2 - 338*y - 21168. Give k(-54).
0
Let s(g) = -g - 29. Calculate s(0).
-29
Let p(g) = g**3 + 12*g**2 + 43*g + 993. What is p(-14)?
-1
Let z(f) = 14*f**3 + 728*f**2 - 2*f - 109. Calculate z(-52).
-5
Let n(t) = t**3 - 32*t**2 + 26*t - 143. Determine n(31).
-298
Let m(h) = 1032*h**2 - 79*h - 79. Determine m(-1).
1032
Let g(a) = -a**3 + 3*a**2 + 18*a - 74. Give g(5).
-34
Let o(j) = 2*j**3 - 23*j**2 + 68*j - 952. Give o(12).
8
Let g(t) = 3*t**3 + 108*t**2 + 42*t + 1442. What is g(-36)?
-70
Let g(i) = -692*i + 8950. Calculate g(13).
-46
Let a(y) = -23*y**2 + 120*y - 160. Give a(3).
-7
Let b(h) = -h**3 + 38*h**2 + 39*h + 67. Determine b(39).
67
Let x(w) = 5*w**3 - 53*w**2 + 89*w - 1227. Give x(11).
-6
Let j(h) = -32*h + 476. Calculate j(16).
-36
Let s(t) = 13*t**2 + 32*t - 37. Give s(-6).
239
Let x(y) = -100*y**3 - y**2 + 2*y - 1. Give x(1).
-100
Let n(g) = -17*g**2 - 36*g - 9. Determine n(-2).
-5
Let d(j) = -j**3 + 17*j**2 - 47*j + 511. Calculate d(16).
15
Let p(q) = -782*q - 9345. What is p(-12)?
39
Let d(s) = -66*s + 6783. Calculate d(103).
-15
Let k(z) = 58*z - 1256. Give k(16).
-328
Let n(v) = 31*v**2 + 14*v - 26. Calculate n(2).
126
Let u(d) = d**3 + 84*d**2 - 174*d - 99. Give u(-86).
73
Let n(b) = b**3 + b**2 - 29*b + 65. Give n(6).
143
Let b(q) = q**3 - q**2 + 9*q - 133. Determine b(7).
224
Let f(b) = 2*b**2 + 211*b + 2581. What is f(-13)?
176
Let n(s) = s**3 - 18*s**2 - 23*s + 53. What is n(18)?
-361
Let o(w) = -3*w**3 - 82*w**2 - 31*w - 93. Calculate o(-27).
15
Let g(y) = 69*y - 970. Determine g(14).
-4
Let z(g) = -g**3 + 2*g**2 + 44*g + 83. Give z(-5).
38
Let i(g) = -603*g + 5. Give i(0).
5
Let b(y) = -y**3 + 44*y**2 + 21*y - 469. Determine b(44).
455
Let q(z) = -2*z**2 - 13*z + 26. Give q(-8).
2
Let s(i) = -24*i**2 - 2*i + 5. What is s(-3)?
-205
Let o(w) = -349*w - 4196. Give o(-12).
-8
Let b(c) = -c**3 + 17*c**2 - 74*c + 421. What is b(14)?
-27
Let o(x) = 126*x - 1996. Give o(16).
20
Let a(o) = 61*o - 2004. Give a(33).
9
Let j(d) = d**3 - 8*d**2 - 77*d + 463. Determine j(5).
3
Let m(k) = -7*k + 416. Calculate m(-24).
584
Let q(z) = -z**3 + 37*z**2 - 189*z + 98. What is q(31)?
5
Let w(d) = -13*d + 85. What is w(-10)?
215
Let y(n) = 101*n - 31. Give y(0).
-31
Let m(u) = -3*u**2 - 211*u - 150. Give m(-70).
-80
Let m(f) = -958*f - 197355. Determine m(-206).
-7
Let a(z) = -7*z**2 - 67*z + 12. Calculate a(-10).
-18
Let m(c) = c**3 - 5*c**2 + 5*c - 6. What is m(4)?
-2
Let y(h) = -50*h + 375. What is y(8)?
-25
Let u(k) = -51*k + 1375. Determine u(25).
100
Let v(a) = -2*a**2 - 128*a - 1104. Determine v(-10).
-24
Let u(l) = -l**2 + 4*l - 10. Determine u(4).
-10
Let j(o) = -46*o - 57. Calculate j(-3).
81
Let p(v) = v**3 - 74*v**2 + 207*v + 393. Calculate p(71).
-33
Let h(p) = -p**3 - 20*p**2 + 18*p + 188. Give h(-19).
-515
Let i(f) = 42*f**2 - f - 1. What is i(0)?
-1
Let a(m) = -m**3 + m**2 + 13*m + 16. Give a(-3).
13
Let r(s) = -777*s - 36511. Determine r(-47).
8
Let w(z) = -2*z**2 + 9*z + 357. Give w(-9).
114
Let t(y) = -22*y**2 + 300*y + 24. Calculate t(14).
-88
Let l(f) = f**2 + 39*f - 8734. What is l(76)?
6
Let s(j) = -4*j**2 - 1124*j + 2282. Give s(-283).
18
Let s(f) = 6*f**2 - 10*f + 8. Calculate s(4).
64
Let t(s) = -18*s**3 - 3*s**2 - 4*s - 1. Calculate t(-1).
18
Let i(b) = 41*b - 765. Calculate i(25).
260
Let v(x) = 838*x - 834. Determine v(1).
4
Let b(i) = -i**3 - 49*i**2 - 52*i - 161. Calculate b(-48).
31
Let y(l) = l**2 + 46*l + 527. Give y(-16).
47
Let k(w) = w**3 + 6*w**2 - 23*w - 55. Determine k(-8).
1
Let b(u) = 22*u + 323. Calculate b(-7).
169
Let m(i) = 26*i - 1836. Calculate m(80).
244
Let k(m) = m**3 - m**2 + 318*m - 24. Determine k(0).
-24
Let i(s) = s**3 + 138*s**2 + 263*s - 1214. Calculate i(-136).
10
Let z(l) = l**2 - 469*l + 23108. Determine z(56).
-20
Let r(i) = -i**3 + 78*i**2 - 19*i + 1492. Calculate r(78).
10
Let p(k) = -4*k**3 - 81*k**2 + 72*k + 129. Determine p(-21).
-60
Let r(z) = 414*z**3 - z**2 - 2*z - 1. Determine r(-1).
-414
Let v(k) = -5*k**2 - 14*k - 36. Determine v(-3).
-39
Let k(m) = 62*m - 537. Give k(8).
-41
Let h(p) = p**3 + 5*p**2 + 11*p + 16. Give h(-5).
-39
Let n(y) = 26*y - 1679. Determine n(65).
11
Let r(q) = -4*q**3 - 12*q**2 - 446*q - 1350. What is r(-3)?
-12
Let s(q) = -6*q**2 + 9*q + 19. Calculate s(-5).
-176
Let c(v) = -v**2 + 11*v - 9. Calculate c(0).
-9
Let k(b) = 96*b - 1821. Calculate k(19).
3
Let a(u) = -12*u**2 - 91*u + 36. Calculate a(-8).
-4
Let i(n) = -n**2 - 5*n - 4. Calculate i(-2).
2
Let t(s) = -s**2 + 3*s - 58. Determine t(-4).
-86
Let p(b) = -5*b**3 - 13*b**2 + 22*b + 9. Give p(2).
-39
Let w(u) = -19*u - 95. What is w(-6)?
19
Let o(w) = -49*w + 730. What is o(15)?
-5
Let b(u) = 22*u**2 - 5*